 + m. Let d = 32 + -20. Calculate the greatest common divisor of g and d.
12
Let l = 325 - 281. What is the highest common factor of 33 and l?
11
Let h(t) = -7*t**2 - 4 - t + 2*t + 13 - t**3. Let c be h(-7). Suppose -7 = -p + c. What is the greatest common factor of 3 and p?
3
Suppose -u = 4*h - 3327, 2*h + 2*u - 2698 = -1036. Calculate the greatest common factor of h and 13.
13
Let k be 4 - (-36)/(-9) - (1 + -118). Calculate the greatest common factor of 13 and k.
13
Let k be 26/(-3)*(28 - 37). What is the highest common factor of k and 312?
78
Suppose 33*j - 261 = -2*s + 32*j, j = s - 135. Calculate the greatest common divisor of s and 12.
12
Let t(h) = 13*h - 8. Let n(l) = -l**2 + 4*l + 1. Let r be n(3). Let s = 15 - r. Let j be t(s). What is the greatest common factor of 27 and j?
27
Let k = 313 + 162. Calculate the greatest common divisor of 38 and k.
19
Let z be (-258)/(6/(-3)) - 3. Let s be ((-2)/(-6))/(7/z). Let m(f) = -f**3 + 7*f**2 + f + 5. Let u be m(7). Calculate the greatest common factor of u and s.
6
Suppose 4*v + 3*g = -1, 8 = v + 2*g - 4*g. Let f be (-3)/(v + 55/(-25)). What is the greatest common factor of 75 and f?
15
Suppose 56*q - 52*q - 160 = 0. Let b = 4 - 4. Suppose 4*g - 28 = -b*g - 3*c, -2*g + 2*c = -28. Calculate the greatest common factor of q and g.
10
Suppose 35*h = 2343 + 1752. Calculate the greatest common factor of h and 52.
13
Let l be 27876/505 + (-6)/5. What is the highest common divisor of l and 666?
18
Let m be 1194/24 - (-2)/8. Let s = m - 40. Calculate the highest common factor of s and 110.
10
Let p be (14/(224/152))/(3/126). Calculate the highest common factor of 38 and p.
19
Let q = -40 + 64. Let r = 27 - q. Suppose r*l - 52 = -10. What is the greatest common divisor of 154 and l?
14
Suppose 483 = 3*p + a - 183, p - a = 218. What is the greatest common factor of p and 13?
13
Suppose -129 = 3*k + 513. Let a be k/(-4) + (-2)/(-4). Calculate the greatest common factor of 36 and a.
18
Suppose -4 = -i - 0*i, 4*r - 64 = -i. Calculate the highest common divisor of r and 465.
15
Let i(t) = -21*t - 145. Let y be i(-11). Calculate the highest common divisor of y and 2.
2
Let k be (-8)/12 - (-28)/6. Suppose k*b = 65 + 7. Let j(p) = 31*p - 3. Let l be j(3). Calculate the greatest common factor of l and b.
18
Suppose -6*k + 3*k = 0. Suppose g + s - 172 = k, -3*s = -4*g - 2*s + 683. Let x = 1440 - 1421. Calculate the greatest common factor of x and g.
19
Let d = -12 + 31. Suppose 4*i - 4*b - 208 = 0, -3*b - 78 = -4*i + 135. Calculate the greatest common factor of d and i.
19
Let g be ((-16)/10)/(14/(-35)). Suppose -4*c - 156 = 2*b + 2*b, g*b - c = -136. Let r be 6*b/(-15) + 3. Calculate the highest common divisor of r and 187.
17
Let o = -66 - -86. Let z be (-10)/(1 - (-45)/(-42)). What is the highest common divisor of z and o?
20
Suppose -6*z + 8*z - 6 = 0. Suppose z*f - 23 - 13 = 0. What is the greatest common factor of f and 84?
12
Suppose -4*d = 4*i + 56, 4*i = -4*d - i - 60. Let y = d + 15. Calculate the greatest common factor of y and 20.
5
Let t(x) = 26*x**2 - 12*x + 22. Let j be t(4). Calculate the greatest common factor of j and 30.
30
Suppose -4*z + 16 = -12. Let f = -12 - -17. Suppose -2*x = -z*x + f. What is the highest common factor of 9 and x?
1
Let n = 80 + -52. Suppose -72 - 57 = -3*r + 3*g, -175 = -4*r + g. Let o = r + -37. Calculate the greatest common factor of n and o.
7
Suppose 2*s - 682 = -q, -678 = -2*s - 28*q + 25*q. Calculate the highest common factor of 114 and s.
114
Suppose -10 = -j - j. Suppose 0 = -5*s - 5*z + 285, s - 7 - 44 = 2*z. What is the greatest common divisor of s and j?
5
Let x be 1/((-3)/(-34)) + (-4)/(-6). Let z(p) = 2*p**2 + p + 3. Let c(n) = -n - 4. Let a be c(-7). Let m be z(a). What is the highest common divisor of x and m?
12
Let w(m) = -2*m**2 + 18*m + 50. Let n be w(11). Calculate the highest common divisor of 6 and n.
6
Suppose 1 - 5 = -t, -t - 120 = -2*h. Calculate the highest common factor of h and 434.
62
Let r(n) = -n + 20. Let c be r(14). Let z(k) = k**3 + 7*k**2 + 5*k. Let u be z(-6). What is the greatest common factor of c and u?
6
Let j = -117 + 138. What is the highest common factor of 77 and j?
7
Suppose 0*c - 5 = c, 4*c = -4*y + 428. What is the greatest common divisor of y and 21?
7
Let b be 11/(-66) + 145/6. Let c = 37 + 23. Calculate the greatest common divisor of c and b.
12
Suppose 3*u - 2*t = 6, 16 - 4 = 4*t. Suppose -35 = -3*x + d + 3, -x - 3*d + 6 = 0. Calculate the greatest common divisor of x and u.
4
Let m(q) = 5*q**2 + 5*q + 4. Let n be m(-4). Calculate the highest common divisor of 80 and n.
16
Suppose 4*v + t - 260 = -0*t, 152 = 2*v - 5*t. Suppose v = 3*a + 21. Suppose -5*u - 183 = -633. Calculate the highest common factor of a and u.
15
Suppose -2*f - 3*p - 5 = -26, -20 = -4*p. Suppose -d - f*j = 11, 2*d + j = -j - 2. Suppose 5*a = d*a + 21. Calculate the highest common divisor of a and 231.
21
Let k be -5 - -5 - 1*-30. Suppose 13 = -j + v + 29, 4 = v. Calculate the greatest common factor of j and k.
10
Suppose -12 = -2*w - 0*w - q, 2*w + 5*q = 12. Calculate the greatest common factor of w and 21.
3
Let n(q) = -q**3 + 2*q**2 - q**2 - q**3 - 3*q - 3*q**2. Let r be n(-2). Calculate the greatest common factor of r and 2.
2
Let y(d) = -d**3 - d**2 - 6. Let r be y(-4). Calculate the highest common factor of 126 and r.
42
Let c(w) = -81*w - 39. Let z be c(-4). Calculate the highest common factor of 15 and z.
15
Let f(a) = -6*a**2 + 5*a + 5. Let z be f(-2). Let j = z - -39. Calculate the greatest common divisor of 80 and j.
10
Let a be (-9120)/(-21) - (-6)/(-21). Let p = a - 285. Let r = p - 65. What is the highest common divisor of r and 12?
12
Suppose 5*k + 3*d - 31 = 26, -3*k + d + 23 = 0. Suppose -k*m + 10*m = 29. Calculate the highest common divisor of 87 and m.
29
Let y = 18 + -12. Let v be (6 + -4)/(2/y). Suppose 0 = 7*t - 65 - 271. Calculate the greatest common factor of v and t.
6
Let m be -12*(-9 + 8 + (-22)/8). What is the highest common factor of m and 75?
15
Let u be 4/(-2)*22/(-4). Let v(q) = 9*q + 7. Let x be v(9). What is the highest common divisor of u and x?
11
Suppose 5*w + j = -76, 62 = -3*w - 5*j + 12. Let b(v) = -6*v - 54. Let r be b(w). What is the highest common divisor of r and 12?
12
Let s = 168 + -158. Calculate the highest common divisor of 80 and s.
10
Let r(o) = -o**3 - 12*o**2 + 14*o - 5. Let v be r(-13). Let f = 6 - v. Calculate the greatest common divisor of f and 3.
3
Let n(h) = -h**2 + 11*h - 3. Let m be n(8). Suppose -5*o - 17 = -5*b + 8, 2*o = b - 5. Suppose o*w = 4*w - 252. Calculate the greatest common factor of m and w.
21
Let m(q) = -6*q**2 + 16*q + 6. Let g be m(3). Suppose -320 = -j + 5*l, g*l + 4*l = 3*j - 993. What is the greatest common factor of j and 67?
67
Suppose 5*f - 221 = -96. Calculate the greatest common factor of f and 775.
25
Suppose 2*f + f + 5*h - 6 = 0, 2*f + 2*h = 0. Let p be 17 + (-3 - (f + 2)). Let y = 1409 + -1244. Calculate the highest common divisor of y and p.
15
Suppose 47*o - 950 - 178 = 0. Calculate the highest common factor of 300 and o.
12
Let u(h) = -2*h - 4. Let c(z) = -z - 1. Let m(b) = -11*c(b) + 4*u(b). Let t be m(3). What is the highest common factor of t and 3?
1
Suppose -3*v + 275 + 9 = 5*d, 0 = -2*v - d + 180. Calculate the highest common factor of v and 24.
8
Let y(l) = l**3 - 6*l**2 + 6*l + 5. Let n be y(4). Let h be (-2)/(-1 - n) - -16. What is the greatest common factor of 45 and h?
15
Let w(x) = 17*x**2 - 81*x + 5. Let z be w(5). What is the highest common divisor of z and 225?
25
Let p(i) = 43*i**2 - 1. Let f be p(-1). Let b(t) = t**2 - 35*t + 108. Let h be b(33). What is the greatest common divisor of f and h?
42
Let l(j) = j**2 + 6*j + 7. Let b be l(-5). Let w(i) = 42*i - 3. Let y be w(b). Calculate the greatest common factor of y and 27.
27
Suppose -9*n + 795 + 1446 = 0. What is the greatest common factor of 83 and n?
83
Let a be 18/(-4) + -1 + (-21)/(-14). Let x be a/10*(-103 + 4 + 4). Calculate the highest common divisor of x and 38.
38
Suppose -3*i - 6 = 3. Let t = i + 13. What is the highest common divisor of 10 and t?
10
Suppose 2*j - 6 = 0, 3*l - 5*j - 1 = -16. Suppose -4*v + 4 + 148 = l. Calculate the highest common divisor of 95 and v.
19
Let u =